at is the greatest common factor of 540 and 2831652?
108
What is the greatest common divisor of 6831 and 37125?
297
Calculate the greatest common factor of 177995 and 970.
485
What is the greatest common factor of 781 and 25861?
11
What is the highest common divisor of 1728 and 124848?
432
Calculate the greatest common factor of 82669 and 9389.
229
What is the highest common factor of 24895 and 260?
65
Calculate the highest common divisor of 16 and 234248.
8
Calculate the greatest common divisor of 195 and 5655.
195
What is the highest common divisor of 486965 and 337?
337
What is the greatest common factor of 5757 and 40242?
57
Calculate the greatest common factor of 609 and 130413.
87
What is the highest common factor of 671219 and 2?
1
Calculate the highest common divisor of 3755928 and 4510.
902
Calculate the highest common factor of 503 and 1927999.
503
What is the highest common divisor of 10105 and 27025?
235
Calculate the greatest common factor of 298 and 2128614.
298
Calculate the highest common divisor of 338 and 1536.
2
Calculate the greatest common divisor of 50 and 3350.
50
Calculate the greatest common divisor of 915 and 3750.
15
What is the greatest common divisor of 146 and 4849463?
73
Calculate the highest common factor of 1849 and 47902.
43
What is the greatest common divisor of 114 and 30286?
38
What is the greatest common factor of 13412 and 532?
28
What is the highest common factor of 104 and 286?
26
Calculate the highest common factor of 63 and 7119.
63
Calculate the highest common divisor of 69 and 188807.
23
Calculate the highest common divisor of 26 and 575458.
26
What is the highest common divisor of 2250 and 108?
18
Calculate the highest common factor of 1206 and 49284.
18
Calculate the greatest common factor of 11 and 4481.
1
Calculate the greatest common factor of 185 and 207755.
185
What is the greatest common factor of 191922 and 174?
174
What is the highest common factor of 17662790 and 10?
10
Calculate the highest common divisor of 150625 and 241.
241
Calculate the greatest common factor of 114 and 189753.
57
Calculate the highest common divisor of 8 and 52890.
2
What is the greatest common divisor of 228 and 49571?
19
What is the highest common divisor of 104 and 22802?
26
What is the greatest common divisor of 41 and 3649?
41
Calculate the greatest common divisor of 17290 and 280.
70
Calculate the highest common factor of 672 and 9972.
12
What is the highest common factor of 210456 and 28638?
666
Calculate the highest common divisor of 10877 and 35313.
149
What is the highest common factor of 3168 and 23628?
132
What is the highest common divisor of 744 and 212691?
93
Calculate the greatest common divisor of 180942 and 424.
106
What is the highest common divisor of 1176 and 2716?
28
What is the highest common divisor of 27000 and 464?
8
What is the greatest common divisor of 244 and 11190572?
244
Calculate the greatest common factor of 765 and 2520675.
765
What is the highest common divisor of 218 and 130?
2
What is the greatest common factor of 3542 and 1474?
22
Calculate the highest common factor of 144260 and 20.
20
What is the greatest common factor of 209638 and 11728?
1466
What is the highest common divisor of 37389 and 484?
121
What is the highest common divisor of 20622 and 18?
6
What is the greatest common factor of 136 and 194848?
8
Calculate the greatest common divisor of 207 and 188554.
23
What is the greatest common divisor of 12311 and 1?
1
What is the highest common factor of 23134 and 1118?
86
What is the highest common factor of 119 and 14195?
17
What is the greatest common divisor of 64179 and 3?
3
Calculate the highest common divisor of 1569 and 225413.
523
What is the greatest common divisor of 7983735 and 15?
15
Calculate the greatest common divisor of 570 and 1490.
10
What is the highest common factor of 1463 and 8855?
77
What is the highest common divisor of 832565 and 365?
365
What is the highest common divisor of 34930 and 3535?
35
Calculate the greatest common factor of 1206 and 51054.
402
What is the highest common factor of 3683 and 4445?
127
Calculate the highest common factor of 3434 and 4343.
101
Calculate the greatest common factor of 1778 and 1281049.
889
What is the highest common factor of 415670 and 3546?
394
Calculate the highest common divisor of 2 and 167122.
2
What is the greatest common factor of 201433 and 41?
41
Calculate the greatest common factor of 3577884 and 12.
12
Calculate the greatest common factor of 3834 and 4077.
27
What is the highest common factor of 392 and 2198581?
49
Calculate the greatest common factor of 26 and 5239.
13
Calculate the highest common factor of 222 and 2608611.
111
Calculate the highest common factor of 1070895 and 2115.
705
What is the greatest common divisor of 22254 and 24?
6
What is the highest common divisor of 89436 and 2570?
514
What is the greatest common divisor of 4973370 and 30?
30
What is the greatest common divisor of 777 and 3549?
21
Calculate the highest common factor of 7941 and 102.
3
Calculate the greatest common divisor of 5772 and 13.
13
What is the greatest common divisor of 2298 and 1722?
6
What is the highest common factor of 246348 and 1620?
108
Calculate the highest common divisor of 2440 and 7930.
610
Calculate the highest common factor of 7 and 172228.
7
What is the highest common divisor of 39 and 1171612?
13
What is the highest common factor of 537944 and 352?
88
Calculate the highest common divisor of 9827107 and 163.
163
What is the highest common divisor of 246 and 28864?
82
Calculate the greatest common factor of 1136 and 118.
2
Calculate the greatest common divisor of 12095 and 82305.
295
What is the highest common factor of 40931 and 33?
11
What is the greatest common divisor of 27322 and 228?
38
Calculate the greatest common divisor of 8 and 50108.
4
What is the greatest common divisor of 1938 and 309434?
646
Calculate the highest common factor of 78 and 2531776.
26
Calculate the greatest common divisor of 1985 and 455.
5
What is the highest common factor of 34354 and 8188?
178
What is the highest common divisor of 618 and 36050?
206
What is the greatest common factor of 8440 and 25?
5
Calculate the greatest common factor of 74334 and 3588.
78
Calculate the greatest common divisor of 9607 and 39.
13
What is the greatest common divisor of 727980 and 495?
165
What is the greatest common factor of 21831 and 741?
57
Calculate the greatest common divisor of 567 and 3738.
21
Calculate the highest common divisor of 44 and 70708.
44
What is the greatest common factor of 8766068 and 76?
76
Calculate the greatest common divisor of 579 and 341610.
579
Calculate the greatest common divisor of 20 and 473030.
10
Calculate the greatest common divisor of 28 and 412573.
7
Calculate the greatest common factor of 139555 and 260.
65
What is the greatest common factor of 392371 and 91?
7
What is the greatest common factor of 22560 and 1824?
96
Calculate the greatest common factor of 1200671 and 721.
103
Calculate the greatest common factor of 157731 and 518.
259
What is the highest common divisor of 2451155 and 4130?
2065
Calculate the greatest common divisor of 6314 and 506.
22
Calculate the greatest common divisor of 12 and 37588.
4
Calculate the highest common divisor of 15240 and 6360.
120
What is the highest common factor of 187 and 498746?
17
What is the highest common divisor of 396122 and 808?
202
What is the highest common divisor of 63 and 5283?
9
What is the highest common divisor of 444166 and 3954?
1318
Calculate the greatest common factor of 192 and 38712.
24
What is the greatest common divisor of 1236 and 13548?
12
What is the greatest common factor of 36639 and 245322?
1593
Calculate the greatest common factor of 5664 and 1616128.
1888
Calculate the greatest common factor of 10 and 179956.
2
Calculate the greatest common factor of 95399 and 133.
19
What is the highest common factor of 5698 and 46102?
518
Calculate the greatest common divisor of 504 and 370200.
24
What is the highest common factor of 44 and 2764?
4
Calculate the greatest common divisor of 53808 and 4.
4
What is the highest common factor of 96 and 406304?
32
What is the highest common divisor of 1488 and 61296?
48
Calculate the highest